2 + 8*c. Let i be g(-9). Suppose 0 = q - i - 2. Calculate the remainder when 31 is divided by q.
9
Let y(c) = -c**2 + 11*c - 12. Let x = -6 - -8. Suppose -2*t + 2 = -4*d, -x*d + 3 = -4*t + 31. Calculate the remainder when 16 is divided by y(t).
4
Let l be (3 + 1)*1/2. Suppose 5*d = l + 3. What is the remainder when 1*(0/(-1) - -1) is divided by d?
0
Let l(v) = v - 1. Let z be l(4). Let a = 18 + z. Let c = -96 - -136. Calculate the remainder when c is divided by a.
19
Let x = 6 + -6. Suppose x = -n + f + 7, 5*n - f = -6*f + 55. Let o(p) = -p**3 + 4*p**2 + 3*p + 3. What is the remainder when o(4) is divided by n?
6
Suppose -3*f + 1 - 11 = r, 4*f + 16 = -4*r. Let w(o) = -7*o - 4. Calculate the remainder when w(f) is divided by 6.
5
Let m(c) = c**2 + 5*c + 2. Let r be m(-3). Let s be r/(-14) + 25/35. Let l(f) = 21*f + 1. Calculate the remainder when l(s) is divided by 12.
10
Let l = 3 + -1. Suppose 3*y = 2*w - 23, -l*w + 3*w - 9 = y. What is the remainder when w is divided by 3?
1
Calculate the remainder when 234 is divided by 1*(-477)/(-6) + 5/(-10).
76
Let t be 3 + 1 - (-1 - -1). Suppose 4*h = 5*i + 54 + 22, -5*h + 54 = t*i. What is the remainder when h is divided by 5*-1*(0 + -1)?
4
Suppose 60 = 6*o - 0*o. What is the remainder when 19 is divided by o?
9
Let w(b) = -b**3 + 4*b**2 + 1. Let s be w(4). What is the remainder when 69 + 5 + -4 + -2 is divided by (1 - (46 + s))/(-2)?
22
Suppose 0 = -3*g + 29 + 121. What is the remainder when g is divided by 18?
14
Suppose 5*w - 5*l = -0*w + 50, 2*w + 2*l = 8. Let s = 7 + w. Let f(r) = 41*r - 1. What is the remainder when f(1) is divided by s?
12
Let v be 5*(-2 - (0 + -3)). Suppose v*y - 10 = -25. Let h = y - -21. What is the remainder when 35 is divided by h?
17
Let y be (-4)/14 - 296/(-7). Let i = -19 + y. Calculate the remainder when i is divided by 9.
5
Suppose 126*g + 68 = 130*g. Calculate the remainder when 82 is divided by g.
14
Let j(t) = t + 30. Calculate the remainder when j(8) is divided by 7.
3
Let l = 3 - -11. What is the remainder when l is divided by 7?
0
Let f(q) = q**3 + 7*q**2 - 9*q + 2. Calculate the remainder when 68 is divided by f(-8).
8
Suppose 4*z - 2*j - 16 = -0*j, -5*j = 2*z + 4. What is the remainder when ((-6)/(-9))/(1/18) is divided by z?
0
Let q(a) = 3*a**2 + 4*a + 3. Let r be q(-3). Let b = r - 10. What is the remainder when b is divided by 3?
2
Let a = -9 + 23. Let k(x) = x**3 - 4*x**2 + 4*x - 1. Let y be k(3). What is the remainder when a is divided by (-3 + 1)/(y/(-8))?
6
Let s(z) = -2*z**3 + z**2 - 6*z - 5. Let a be s(-5). Suppose 2*u + 3*u = a. Suppose u = 5*g - 5. Calculate the remainder when 38 is divided by g.
12
Let r = 75 - 51. Suppose 3 = 4*u - 1. What is the remainder when u - 5*-1*9 is divided by r?
22
Let x = 3 + 5. Calculate the remainder when -4 + 14 + 0 + 3 is divided by x.
5
Suppose -5*c + 230 = 5*z, 21 = 3*c - 5*z - 93. What is the remainder when c is divided by 23?
20
Suppose 57 + 13 = 5*a. Suppose 2*l - 785 = -3*l. What is the remainder when l/4 - 4/16 is divided by a?
11
Suppose -2*d + 45 = -5*p + 2*d, 0 = 4*p + 5*d + 77. Calculate the remainder when p/(-5)*(14 - 9) is divided by 5.
3
Suppose 5*t = 3*t. Suppose -w - p = -t*p, 5*p + 10 = 0. Suppose -3*f - w*f - 2*q + 94 = 0, -q + 57 = 3*f. What is the remainder when f is divided by 7?
6
Suppose -s + 15 = -b, s - 2*s - b = -23. What is the remainder when 51 is divided by s?
13
Suppose -4*a = -16, -2*i + 6*i - 120 = -2*a. Suppose 2*w + i = 4*w. What is the remainder when w is divided by 8?
6
Suppose 5*v = 9 + 21. Calculate the remainder when 27 is divided by v.
3
Suppose -180 = -0*f - 2*f. What is the remainder when f is divided by 16?
10
Suppose -2*z + z + 2*g = -10, -4*z + 76 = g. What is the remainder when 69 is divided by z?
15
Suppose 9*z - 16 = 11. Calculate the remainder when ((-8)/(-12))/(2/9) is divided by z.
0
Suppose 4*k + 20 = 5*t, -k = -2*t - 5*k - 20. Suppose -2*a = -2*d - 4, -2*d + 14 = -t*a + a. Let i = a + -2. Calculate the remainder when i is divided by 2.
0
Suppose 24 = 12*m - 6*m. Let w(a) = -a**3 + 3*a**2 - 2. What is the remainder when m is divided by w(2)?
0
Suppose -9*c - 16 = -10*c. Suppose -7*r + 3*r + 16 = 0. Suppose 9*x = r*x + 45. What is the remainder when c is divided by x?
7
Let t = 80 - 2. Let o = t + -28. What is the remainder when 16 is divided by o/8 - 2/8?
4
Let x(a) = -20*a. Let q be x(1). What is the remainder when 22 is divided by (-2 + (-8)/(-5))*q?
6
Suppose 42 = 2*l + 6. Let a(w) = -w**3 - 5*w**2 - 2. What is the remainder when a(-6) is divided by l?
16
Suppose -3*y + 66 = -4*b - y, -3*b = -y + 47. Let f = 40 + b. What is the remainder when f is divided by 44/(-77) - 204/(-14)?
12
Suppose 0 = -4*q + 80 + 144. Let i = q - 34. Calculate the remainder when i is divided by (1 + 5)/((-3)/(-4)).
6
Let c = 6 + -5. Let t be c/(0 + (-1)/10). Calculate the remainder when (5/(-2) + 0)*t is divided by 9.
7
Let m(k) = 2*k**2 - k + 3. Let p = -19 - -20. Calculate the remainder when m(4) is divided by ((-8)/p)/(2/(-4)).
15
Let m(f) = -f + 27. Let c(y) = 2*y - 10. Let t be c(5). Calculate the remainder when m(t) is divided by 10.
7
Let u(o) = -o**3 - 9*o**2 + 18*o - 7. What is the remainder when u(-11) is divided by 13?
11
Let h = 20 - -22. Calculate the remainder when h is divided by 11.
9
Let q = 2 + 1. Suppose 0 = 5*t - q*s - 103, -2*t + 46 = -s + 4. Suppose -35 = -0*d - 4*d + o, -4*d = -5*o - 47. Calculate the remainder when t is divided by d.
7
Let t be 60/(-14) + 12/42. Let i be (4/6)/(t/(-474)). Suppose 0 = -2*j + i - 29. Calculate the remainder when j is divided by 13.
12
Let t be ((-1)/2)/(2/(-20)). Let d = t - 4. What is the remainder when 4*d/((-8)/(-58)) is divided by 10?
9
Suppose 2*m - 5 = 3. What is the remainder when (22 + 0)/(7/(7/2)) is divided by m?
3
Suppose 5*n - 6*n = -63. Suppose 0 = -t - 5*s + n, t + 4*s - 231 = -4*t. Calculate the remainder when t is divided by 11.
10
Suppose 5*b = 25 + 270. Suppose 0 = m - 6*m + 100. What is the remainder when b is divided by m?
19
Let f be (-3 - (-2 - -1))*7. Let k = 23 + f. Calculate the remainder when k is divided by 5.
4
Let q = 4 - -2. Let z(u) be the second derivative of u**5/20 - 5*u**4/12 - 2*u**3/3 + u**2 - 17*u. Calculate the remainder when 40 is divided by z(q).
12
Let t(k) be the second derivative of 5*k**3/6 + 5*k**2/2 + 2*k. What is the remainder when t(4) is divided by 9?
7
Let v(o) = -3*o - 12. Let n be v(-8). Suppose 4*q + 5*l = -0*q + 17, 3*q - n = -3*l. What is the remainder when 17 is divided by 12*((-7)/(-2) - q)?
5
Suppose 31 = -5*p + z + 257, -p + 2*z = -47. What is the remainder when p is divided by 24?
21
Suppose 155 - 44 = 3*a. What is the remainder when a is divided by 20?
17
Suppose -5*y + 17 + 43 = 0. Suppose -7*j - 2*l = -3*j - 12, 0 = 3*l + y. Suppose 2*d + 1 = j. Calculate the remainder when 4 is divided by d.
0
Suppose 5*p - 303 = -3*g + 100, -3*p = 4*g - 541. What is the remainder when g is divided by 42?
10
Suppose 0 = 4*q - 244 + 12. Calculate the remainder when q is divided by 15.
13
Let p = 40 - 31. What is the remainder when 34 is divided by p?
7
Let k = -7 - -12. Suppose -3*c + k = -7. Suppose -5 = -3*n + c. Calculate the remainder when 8 is divided by n.
2
Suppose 5 = 5*t - 5. Suppose 0 = -5*g - 3*w + 25, w = g + 5*w - 5. Calculate the remainder when g is divided by t.
1
Let a(f) = f**3 - 5*f**2 - 4*f - 8. Suppose 2*t + 8 - 12 = 0. What is the remainder when a(6) is divided by t?
0
Let t be 6/(-4) - (-1)/2. Calculate the remainder when 40 + 1 + t - -1 is divided by 3/(-3)*-12 + 2.
13
Let l = 88 + -50. What is the remainder when l is divided by 10?
8
Suppose 35*b - 29*b - 528 = 0. Calculate the remainder when b is divided by 13.
10
Suppose -5 = -h, -3*d + 0*h + 29 = 4*h. Let f = -1 - -4. What is the remainder when d - (-2 + 3 - 5) is divided by f?
1
Let b(x) = x**2 + 4*x. Let n be b(-3). Let w = n - -46. Let d = w - 24. Calculate the remainder when d is divided by 7.
5
Suppose 2*o + 2*o = 4*l + 164, 57 = -2*l - 3*o. Let s = 33 - l. What is the remainder when s is divided by 18?
15
What is the remainder when -1 - 12*-1 - 2 is divided by 6?
3
Let m(o) be the third derivative of o**6/120 + o**5/60 + 7*o**3/3 + o**2. Let z = 12 - -13. What is the remainder when z is divided by 